 What is the units digit of m?
3
Let v = -150 - -297. What is the hundreds digit of v?
1
Let k be 7/1*(2 - 3). Let q = -4 - k. What is the units digit of 4/2 - q/3?
1
Suppose -37 = -l + y + 43, -4*l - 2*y = -314. What is the units digit of l?
9
Suppose -p = -z + 2*p + 2, z - 18 = -5*p. Suppose -a - z = -5*a. Suppose -v - a*v = -5*o, -5*v + 25 = 0. What is the units digit of o?
3
What is the units digit of (-304)/(-6) + 2/(-3)?
0
Let m(y) = y - 1. Let z be m(-4). Let w be 2/z - (-48)/20. Suppose 0*p = w*p + 3*q - 4, -4*q + 17 = 5*p. What is the units digit of p?
5
Suppose -5*d + 45 = 5*u, -3*d = -u - d + 24. What is the units digit of u?
4
Let p = 59 + -33. What is the units digit of p?
6
Let u be (-4)/(2 + 2) + -2. What is the tens digit of 3/((-9)/(-93)) + u?
2
Suppose 3*f - z = -6*z + 55, 25 = f + 5*z. Let w = 28 + f. What is the units digit of w?
3
Suppose 3*q + 3*c - 17 = 16, 2*c = -4. Let y = q + -8. What is the units digit of y?
5
Let s = 6 - 6. Suppose s = -2*u + 14 + 2. What is the units digit of u?
8
Let u(w) = -w**2 + 6*w - 3. Let h = 10 + -7. What is the units digit of u(h)?
6
What is the tens digit of 2 + ((-191)/(-4) - 5/(-20))?
5
Let m = -158 + -1064. What is the tens digit of ((-1)/2)/(13/m)?
4
Suppose 0 = 5*v - 3*v - 96. Let p = -20 + v. What is the tens digit of p?
2
Suppose 16 = -4*y - 48. Let a = 25 - 54. Let i = y - a. What is the tens digit of i?
1
Let a = -90 + 200. What is the units digit of a?
0
Suppose k + k = 10. Suppose -k*c - 25 = 6*l - 2*l, l + 2*c = -10. Suppose -2*w = 2*u, 3*u - 8 = -l*u - w. What is the units digit of u?
4
Suppose -3 - 69 = 4*v. Let k = v + 26. What is the units digit of k?
8
Let w = 0 - 0. Let a = 4 - 2. Suppose a*t - 16 = -w*t. What is the units digit of t?
8
Suppose -39*v + 147 = -36*v. What is the tens digit of v?
4
Suppose -4*b - 5*x + 8 = -4, 0 = -2*b + 2*x + 24. Let f(z) = -z**2 + 5*z + 7. Let l be f(b). Let n = l + 31. What is the units digit of n?
4
Let l be 2 + -13*2/1. What is the units digit of (l - -1)*(3 - 4)?
3
Let p = -85 + 213. Suppose 3*t - p = -t. What is the units digit of t?
2
Let x = -5 + 11. What is the units digit of (-2)/((-15)/x - -2)?
4
Let r = 24 - 14. Let g(q) = 0*q**3 - 7*q - r - 11*q**2 + q**3 + 3*q**2. What is the units digit of g(9)?
8
Let w = -1 + 1. Let r(t) = t + 2. Let j be r(w). Suppose 4*k - j*k = 12. What is the units digit of k?
6
Let w be 12/(-18) - 28/(-6). Suppose w*t + 2*a = 174, -t - 2*a = 2*t - 133. What is the tens digit of t?
4
Suppose -185 = -2*h + z, 88 = h - 2*z - 0*z. What is the tens digit of h?
9
Suppose 359 = -4*n + 95. What is the units digit of -14*(n/14 + 3)?
4
Let m = 11 + -22. Let t = 4 - m. What is the units digit of t?
5
Let v(b) = b + 13. Let o(p) = -1. Let w(y) = 6*o(y) + v(y). What is the units digit of w(-4)?
3
Suppose -2*w = -5*w + 15. Suppose 0 = -w*d - k + 72, -79 = -3*d - 5*k - 27. What is the tens digit of d?
1
Let x(h) = -h**2 - 8*h. Let s be x(-8). Suppose s = r - 18 + 7. What is the units digit of r?
1
Suppose 0 = 3*k - 49 - 14. What is the units digit of k?
1
Let m(k) = k**3 - 6*k**2 - 2*k + 3. Let j be m(3). What is the tens digit of (j/7)/5*-56?
4
Let g(c) = -c**3 - 9*c**2 - 3*c + 4. What is the tens digit of g(-9)?
3
Let t = 43 + -12. What is the units digit of t?
1
Suppose 0 = 2*b - 3*b + 183. What is the tens digit of b?
8
Suppose 0 = -h - h + 2. What is the units digit of h?
1
Let p = 7 + -3. Let n(u) = 2*u + 2. What is the units digit of n(p)?
0
Let z = 34 + -65. Let p = -20 - z. What is the tens digit of p?
1
Suppose -4*s - 20 = 0, -2*y - y + 5*s = -25. Let t be (0 - y/3)/(-1). Suppose t = 5*g - 21 - 4. What is the units digit of g?
5
Let f be ((-3)/(-1) + 6)*3. Suppose -t + 45 + 46 = 5*y, -y + f = -2*t. What is the units digit of y?
9
Suppose 63 = -4*a - 2*n - 3*n, -88 = 5*a - 3*n. Let h = -6 - a. What is the tens digit of h?
1
Let c(g) = g**3 - 10*g**2 - 12*g + 9. Let l be c(11). Let n = l + 7. What is the units digit of n?
5
Let c be -1 + 2*-3 + -2. Let p be ((-2)/3)/(3/c). Let j = p + 2. What is the units digit of j?
4
Suppose 21 + 124 = 5*k. Let a(i) = i**2 + 6*i + 5. Let y be a(-5). Suppose y = -5*c + k + 21. What is the tens digit of c?
1
Let m be 3 + 1 + -3 + 0. Suppose -p + 4 = -m. Let s(z) = z. What is the units digit of s(p)?
5
Let z = 13 + -8. Suppose z - 1 = g. Suppose 61 = 3*i - g*c, 2*i + c = -2*i + 56. What is the tens digit of i?
1
Let o(g) = g**2 + 5*g - 2. Let a be o(-5). Let i be a*1 + 10 + -2. Suppose i*v - 18 = 3*v. What is the units digit of v?
6
Let w(c) = -2*c**3 - 5*c - 5. What is the units digit of w(-2)?
1
Let y(x) = -3*x - 36. What is the units digit of y(-17)?
5
Suppose -3*n = -n - 74. Suppose 0 = -c - 13 + n. What is the units digit of c?
4
Suppose 0 = -0*h - 4*h + 156. What is the tens digit of h?
3
Let o = -40 - -96. What is the tens digit of o?
5
Suppose 0*y - 28 = -5*l - 3*y, 3*l - 2*y = 13. Suppose -l*t + 37 = 4*f, 2*f + 49 = t + 4*t. Let i = t + -6. What is the units digit of i?
3
Suppose 3*m - 3 - 3 = 0. Suppose 4*y = -20, 5*t - y = -m*y. Suppose b - 2 = -t. What is the units digit of b?
1
Let p = 37 + -6. What is the tens digit of p?
3
Let g be 37/(-1) + -5 + 7. Let k = g + 71. What is the units digit of k?
6
Suppose -10 = -2*o, 4*o + 43 + 25 = 2*f. What is the tens digit of f?
4
Let a = 3 - 1. Suppose m + 6*n - a*n = -5, 4*m = -2*n + 8. Suppose m*y + 0*y = 21. What is the units digit of y?
7
Suppose -28 = -t + 2*d, -2*t + 53 + 0 = -d. What is the tens digit of t?
2
Let v = -7 - -8. What is the units digit of (v - 0) + 2 + 5?
8
Let j(r) = -7*r + 2. Let g be j(-3). Suppose 0 = h - 4*o + 19, -3*h - 2*h - 4*o = g. What is the units digit of (-19)/h - 8/(-28)?
3
Suppose y - 23 = -2*y - n, 2 = -2*n. Suppose -y = -4*f, 0*f = -r + 2*f - 7. What is the tens digit of (30/(-8))/(r/8)?
1
Let z(k) = -3*k. Let w be z(1). What is the tens digit of (129/(w - 0))/(-1)?
4
Let w be (-6)/(-33) - (-86)/11. What is the units digit of (-42)/(-24) - 6/w?
1
Let f(r) = -7*r + 0*r - 4 + 3 + 0*r. What is the units digit of f(-1)?
6
Suppose -20*m + 15*m + 400 = 0. What is the tens digit of m?
8
Suppose -3*u - 4*d = -0*u - 141, -2*u + 98 = 4*d. Suppose 4*x + 2*a = 33 - 95, -2*a = -3*x - u. What is the units digit of 156/10 + (-6)/x?
6
Suppose 5*f = -0*f + 835. Let i = f + -110. Let u = i + -37. What is the tens digit of u?
2
Suppose 6*z - z = 55. Let w = -6 + z. What is the units digit of w?
5
Suppose 4*m = 26 + 10. Let n be (-20)/(-6) - (-6)/m. Suppose -20 = -i - n*i. What is the units digit of i?
4
Let x be ((-1 - -3) + -3)*5. Let q(u) = u**2 + u - 4. What is the tens digit of q(x)?
1
Let j = -10 + 11. Suppose 4*p - 5*g = 6 + 5, p - 5*g - 14 = 0. What is the units digit of (j*-3*1)/p?
3
Suppose 5*y - 23 - 37 = 4*l, y - 18 = 2*l. What is the units digit of y?
8
What is the units digit of (5 - 0) + 0 + 2?
7
Let a(g) = 15*g - 39. What is the units digit of a(11)?
6
Let w(l) = -l**2 - 3*l + 2. Let n be w(-2). Let b(g) = 1 - g + n*g**2 - 3*g**2 - 2*g. What is the units digit of b(4)?
5
Let o(m) = m**2 - m - 1. Let y be 2*1 - (-4 + 16). Let t = y + 8. What is the units digit of o(t)?
5
Suppose -h = -3*h + 2. Suppose 3*l = -h + 79. What is the units digit of l?
6
Let h = -16 - -23. Suppose -h = -4*a + 1. Suppose -a = -0*o - 2*o. What is the units digit of o?
1
Suppose -4*u + 2 = -6. Suppose 0 = -3*s + z, 3*s - 3*z + 12 = u*z. What is the units digit of s?
1
Let u = 132 + -84. What is the tens digit of u?
4
Let x(y) = 7*y - 4*y**2 - 5 + 6 + 3*y**2. Suppose 3*v - 1 = 2, -3*n - 3*v + 24 = 0. What is the units digit of x(n)?
1
Suppose 0 = 23*o - 26*o + 6. What is the units digit of o?
2
Let q = -12 + 25. What is the tens digit of q?
1
Suppose 4*f + 131 - 803 = 0. What is the units digit of f?
8
Let m = -76 - -110. Suppose -7 + m = 3*d. What is the units digit of d?
9
Suppose 8 + 32 = w. What is the tens digit of w?
4
Suppose -5*i + 4 = 3*w - 123, -w + 5*i = -49. Suppose 2*c = -r + 68, 2*c - 4*r - w = r. What is the units digit of c?
2
Suppose 3*o - 188 = -5*a - 20, -2*o - 4*a = -114. What is the units digit of o?
1
Let f(z) = -3*z - 1. Let y(s) = 1. Suppose 6*b - 4*b - 4 = 2*u, 0 = -4*u - 5*b + 19. Let c(l) = u*f(l) - 4*y(l). What is the tens digit of c(-6)?
1
Suppose 3*x - 54 - 6 = 0. Let l = 34 - x. What 